inder when 38 is divided by (h - -1)*14/35?
10
Suppose -4*l = 4*a + 24, 0*a - 26 = 5*a + 4*l. What is the remainder when 27 is divided by 54/4 - a/4?
13
What is the remainder when 59 is divided by 306/9 - (3 + 0)?
28
Suppose -8*j - 222 = -11*j. Calculate the remainder when j is divided by 25.
24
Let s = 81 + -23. Suppose -4*d - 312 = 4*d. Let c = d + s. Calculate the remainder when c is divided by 7.
5
Let q(f) = 2*f + 6. Let l be q(7). What is the remainder when l + 3 + -1 + -3 is divided by 7?
5
What is the remainder when 9 is divided by (9 + 1)*14/28?
4
Let f = -5 + 10. Suppose 90 = f*u + 2*b, -5*b - 36 = 2*u - 4*u. Calculate the remainder when u is divided by 10.
8
Calculate the remainder when 294 is divided by (-1 - (-16)/12)/(2/198).
30
Let j(p) = -p**2 - 8*p - 2. Let v(a) = a**2 - 7*a - 2. Let i be v(6). Let w be j(i). Calculate the remainder when 31 is divided by w + 1/((-2)/(-26)).
9
Suppose -203 - 39 = -2*v. What is the remainder when v is divided by 31?
28
Let r = -14 + 20. Suppose -r*m = -3*m - 9. Suppose -29 + 182 = m*i. What is the remainder when i is divided by 13?
12
Let g(w) = 2*w**2 + 3*w - 3. Let k be g(-3). Suppose 0 = l - 3*l + k. Suppose o - l*x = 2*o - 11, -2*x + 6 = 0. What is the remainder when 2 is divided by o?
0
Suppose -3 = 3*t, 0*v - 5*t = -4*v + 17. Calculate the remainder when 9 is divided by v.
0
Suppose -222 = 4*v - 7*v. Let d(h) = -h**2 - 8*h + 4. Let j(f) = -f. Let p be j(5). Calculate the remainder when v is divided by d(p).
17
Let s = 82 - 79. Suppose 42 = -4*w + 290. Suppose -17 + w = s*l. What is the remainder when 29 is divided by l?
14
Let y(r) = 4*r**2 + 3*r - 2*r**2 + 1 + 0. Suppose -4*d + 145 = d. What is the remainder when d is divided by y(-3)?
9
Let q(a) = -a**3 + 4*a**2 + 4*a + 7. Let h be q(5). Calculate the remainder when 25 + h + -2 + -3 is divided by 8.
6
Let u be (-2 - 1)*4/(-3). Suppose p + u*p - 115 = 0. What is the remainder when p is divided by 8?
7
Let o be (-3)/4 + (-6)/24. What is the remainder when 1/2 - (-57)/2 is divided by (0 - 10/o) + 0?
9
Let o(l) = -10*l**3 + 4*l**2 + 2*l - 1. Calculate the remainder when o(-2) is divided by 23.
22
Suppose -5*b + 90 = 5*h, -2*h + b = -0*b - 27. Calculate the remainder when 117 is divided by h.
12
Let x(y) = -3*y - 6. Let m = 10 - 6. Suppose 3*b + 23 = m*s - 132, 5*b = -25. What is the remainder when s is divided by x(-6)?
11
Suppose 424 = 4*x - 7*v + 3*v, -3*x + 313 = -2*v. Suppose -3*r + 284 = x. What is the remainder when r is divided by 16?
13
Suppose 8 = 4*n, -4*n - 22 = 2*w + w. Let i = w - -14. What is the remainder when i is divided by 2?
0
Let n(o) = -2*o - 9. Let w(a) = -a - 1. Let y(d) = -n(d) + w(d). What is the remainder when ((-1)/(-2))/(3/18) is divided by y(-6)?
1
Let x be (-6)/(-15) + (-258)/(-5). Let v = -24 + x. Calculate the remainder when 54 is divided by v.
26
Let o be -1*(-1 - (-21)/(-1)). Let i = -9 + o. What is the remainder when i is divided by 5?
3
Let a(y) be the second derivative of y**4/12 + 2*y**3/3 + 5*y**2/2 + y. What is the remainder when a(-4) is divided by 3?
2
Suppose -6*d + 3*d + 259 = x, -455 = -5*d + 3*x. Calculate the remainder when d is divided by 13.
10
Suppose 8*y = 3*y + 75. What is the remainder when 42 is divided by y?
12
Suppose -2 = p + h, 0 = 4*h - 4 - 4. Let o be -2 - (-14)/(-2 - p). Suppose -3 = 2*n - o*b, n - b - 9 = -2*b. What is the remainder when 11 is divided by n?
5
Suppose -a + 60 - 8 = 0. What is the remainder when a is divided by 14?
10
Suppose -f - 2*f + 12 = 0. Let i = 1 + f. Suppose -4*u = -a - 203, 0 = -4*u + u + i*a + 131. What is the remainder when u is divided by 18?
16
Suppose 0 = -3*a + a. Let s be (a - 1) + (45 - 0). Let v = s - 20. Calculate the remainder when v is divided by 13.
11
Suppose 2*c - 10 = c. What is the remainder when -6 + 1 + (6 - -37) is divided by c?
8
Let z(f) = 4*f**2 - 6*f - 21. Suppose 15 = 2*c + 1. What is the remainder when z(-3) is divided by c?
5
Suppose -2*y = -5*y + 39. What is the remainder when 35 is divided by y?
9
Let w(p) = -3*p**3 - 3*p - 4. What is the remainder when w(-2) is divided by 7?
5
Suppose 5*u + 3 = -2*g, -g - 9 = 3*u + 2*u. Let j(c) = c**3 - 5*c**2 - 5*c + 3. Let i be j(g). Let l = i + 1. Calculate the remainder when 18 is divided by l.
8
Let b be (-4)/14 + 23/7. Let p be -6*8/(-12) + -2. Let l = b - p. What is the remainder when l is divided by 1?
0
Let m(v) = v + 4. Suppose 0 = -4*t - 5*l - 79, -2*t + 3*t - 5*l + 1 = 0. Calculate the remainder when t/((0 + 1)*-1) is divided by m(5).
7
Let t(v) be the first derivative of v**3 + v**2/2 - 4*v - 3. Let y(n) = 2*n. What is the remainder when t(-2) is divided by y(2)?
2
Suppose -65*v = 7*v - 1080. Suppose 3*u - 5 = 4. Calculate the remainder when v is divided by 2/u*2*6.
7
Let z(p) be the third derivative of 3*p**5/10 - p**4/24 + p**2. Calculate the remainder when 56 is divided by z(-1).
18
Let i be 1 + (-2 - -3) + 6. Let c = 17 - i. Let s(a) = -5*a - 4. What is the remainder when s(-6) is divided by c?
8
Suppose -9 + 31 = -2*o. Let c = 5 - o. Calculate the remainder when 31 is divided by c.
15
Let i(v) = -v**3 + 10*v**2 - 8*v + 7. Calculate the remainder when i(9) is divided by 14.
2
Let b = 1 + -1. Suppose b + 14 = n. Calculate the remainder when 27 is divided by n.
13
Let j(o) = -o**3 - o**2 + 2*o + 3. Let r be j(-5). Suppose -r - 47 = -4*t. Calculate the remainder when t is divided by (-46)/(-4) - (-3)/6.
11
Let u(q) = -13*q. Let p be u(-4). Suppose -7 = -n + 2*b, 4*b + p = 5*n - 13. What is the remainder when 66 is divided by n?
15
Suppose k + 3*k = 128. Suppose -j = 3*j - k. Calculate the remainder when 31 is divided by j.
7
Suppose 5*j = -3*l - 0*l + 12, 4*l - 3*j = 45. Suppose 0*u - l = -u. Suppose -a + 0*d + 4 = -d, a = -4*d + u. Calculate the remainder when a is divided by 2.
1
Suppose -n = 2*n - 27. Suppose 10 = 5*l + 50. What is the remainder when 2/l + (-141)/(-4) is divided by n?
8
Suppose -6 - 2 = -4*b. Let a be (-3 + 1 - -2)*1. Suppose b*r - r - 32 = a. Calculate the remainder when r is divided by 11.
10
Suppose -5*j - 4*b = -466, -5*j + 4*b - 184 = -658. What is the remainder when j is divided by 19?
18
Suppose b = 6*b - 65. Let o = 22 - b. What is the remainder when (-48)/(-10)*(-20)/(-6) is divided by o?
7
Let c = -17 - -4. Let u = c - -28. Calculate the remainder when 58 is divided by u.
13
Let a be 0/(-1) - (-4 - 1). Suppose 0 = 2*j - 4, -3*j + a*j - 32 = -2*r. Calculate the remainder when r is divided by 4.
2
What is the remainder when 125/(-50)*372/(-5) is divided by 47?
45
Suppose -8 = -29*c + 28*c. What is the remainder when c is divided by (-47)/(-9) - (-4)/(-18)?
3
Suppose 3*d = 9, 2*z - d + 65 = 166. Suppose 2*v - 21 = 5*y + 23, y = 4*v - z. Suppose 34 = -o + 2*o. What is the remainder when o is divided by v?
10
Calculate the remainder when 33 is divided by -2 - (8/(-12) - 40/3).
9
Suppose -m = -7 - 8. Suppose 31 = 4*t - 1. What is the remainder when m is divided by t?
7
Let p(q) = -10*q - 9. Let o(j) = -j**2 + j. Let a be o(1). Suppose -5*v = -35 - a. What is the remainder when p(-2) is divided by v?
4
Let g = 116 - 69. Let b = g + -21. What is the remainder when b is divided by 9?
8
Let h be (0 - 6)/3 - -97. Suppose -2*g + 7*g = h. Calculate the remainder when 36 is divided by g.
17
Suppose 0 = -4*a + 2*a + 4. Suppose 7 + 3 = 5*s. Calculate the remainder when a is divided by s.
0
Let g(a) = -4*a**3 + 7*a**2 + 7*a + 18. Let w(u) = -5*u**3 + 6*u**2 + 6*u + 19. Let o(t) = 6*g(t) - 5*w(t). Calculate the remainder when 3 is divided by o(-11).
1
Let d be 2 - (-1)/((-2)/4). Suppose -7*s + 3*s + 12 = d. Suppose -2*g + s*g - 16 = 0. Calculate the remainder when 31 is divided by g.
15
What is the remainder when 87 is divided by (-2 - 22)*(-6)/8?
15
Calculate the remainder when (-1)/6 - (-5733)/54 is divided by 27.
25
Let u be 2/(-3 - -1 - 0). Let c(f) = -f**2 + 6*f + 4. Calculate the remainder when c(6) is divided by u/1 + (2 - -1).
0
Let p = 62 - 36. What is the remainder when 77 is divided by p?
25
Suppose 2*p + m - 20 = 0, 28 = 3*p + 2*m - m. Let t = 11 - -3. What is the remainder when t is divided by p?
6
Let m(o) = 4*o**2 + 2*o - 1. Calculate the remainder when 287/14 - (-1)/2 is divided by m(-2).
10
Let o(u) = -u**2 + u + 15. Suppose j - 6*j = -215. What